t is -4885f + 3?
-4885c
In base 11, what is 571 - -131?
6a2
In base 16, what is 3c - 13e?
-102
In base 3, what is -1112102 + 1221?
-1110111
In base 8, what is -43 + 13532?
13467
In base 5, what is 201 + 2442?
3143
In base 15, what is 95 + 36?
cb
In base 5, what is -3003411 - -3?
-3003403
In base 10, what is -4333 + -3?
-4336
In base 5, what is -14040 + 40?
-14000
In base 13, what is 504 + 3257?
375b
In base 2, what is 10010011110010011 + 0?
10010011110010011
In base 15, what is 4 + -14974?
-14970
In base 4, what is 1211312 - 1120?
1210132
In base 7, what is -142 - -11141?
10666
In base 11, what is -3 + -66785?
-66788
In base 5, what is 12 - 413314?
-413302
In base 15, what is c6b0a - -3?
c6b0d
In base 16, what is 1d + 1fc2?
1fdf
In base 4, what is 110202 + -1012?
103130
In base 4, what is 200321 + -23322?
110333
In base 14, what is 10 - -2dca?
2dda
In base 4, what is -11103121 + -2?
-11103123
In base 10, what is -767 - 73?
-840
In base 11, what is -442 + 1526?
1094
In base 10, what is 4509 + -17?
4492
In base 10, what is 190692 + -5?
190687
In base 2, what is 100100 - -111001101101?
111010010001
In base 2, what is 11001000 - -10010100?
101011100
In base 15, what is -5 + -375c9?
-375ce
In base 2, what is 111 - -1101001110010?
1101001111001
In base 4, what is -3 + -322302?
-322311
In base 2, what is 10100000010111010 - -10?
10100000010111100
In base 4, what is -10020 + -31002?
-101022
In base 7, what is -3150 - 4?
-3154
In base 15, what is -8d5 - -145?
-790
In base 16, what is -358f - 160?
-36ef
In base 8, what is 255 - -262?
537
In base 3, what is -111110121012 + 110?
-111110120202
In base 14, what is 1 + -9c03?
-9c02
In base 5, what is -130030134 - -2?
-130030132
In base 14, what is -230 + -a?
-23a
In base 7, what is -611 + -10304?
-11215
In base 8, what is 220430 - -32?
220462
In base 6, what is -2550 + -531?
-3521
In base 16, what is -81af6 + -3?
-81af9
In base 15, what is 4 - 926b?
-9267
In base 12, what is 221a0 + -9?
22193
In base 13, what is 328c6 - -6?
328cc
In base 7, what is 5 + -46254?
-46246
In base 9, what is -148485 + -4?
-148500
In base 10, what is -5 + 231807?
231802
In base 7, what is 30 + 130101?
130131
In base 2, what is 11011 - -100000001101?
100000101000
In base 3, what is 20100 + -1102122?
-1012022
In base 12, what is 37 - -5761?
5798
In base 11, what is -507 + -309?
-815
In base 7, what is -1332 + -4512?
-6144
In base 8, what is 476 - -215?
713
In base 4, what is 132 + -2322132?
-2322000
In base 12, what is -220 - 334?
-554
In base 15, what is 20 + 32c4?
32e4
In base 11, what is 11 - 73259?
-73248
In base 14, what is -185 + -79?
-220
In base 9, what is -22 + -22448?
-22471
In base 11, what is -129408a + 5?
-1294085
In base 4, what is 112 + -20211101?
-20210323
In base 8, what is 15177116 + -3?
15177113
In base 4, what is -1330 + -133031?
-201021
In base 13, what is 4b2 + -220?
292
In base 2, what is -1111111000001010 + -11011?
-1111111000100101
In base 15, what is -b6 + e0d?
d47
In base 11, what is -3 + 2aa11?
2aa09
In base 5, what is -2141401201 - -4?
-2141401142
In base 8, what is 12506 - -1124?
13632
In base 12, what is -48 - 321?
-369
In base 14, what is -257 - 67?
-2c0
In base 3, what is 21102 + -21221?
-112
In base 4, what is -100 + 330311?
330211
In base 7, what is 242122 + 146?
242301
In base 14, what is -106302 + 0?
-106302
In base 12, what is 5b - -28?
87
In base 6, what is -4 - -133325?
133321
In base 11, what is 233 - -6919?
7051
In base 14, what is -1c273 + 25?
-1c24c
In base 13, what is 63239 + -4?
63235
In base 8, what is 104 - -37025?
37131
In base 3, what is 1112 + -1020121?
-1012002
In base 14, what is 45 + -6618?
-65b3
In base 10, what is -1263919 - -1?
-1263918
In base 11, what is -165 + 10308?
10153
In base 4, what is -1312233 - 1223?
-1320122
In base 12, what is -2 + 40ab9?
40ab7
In base 8, what is 3 + 46377?
46402
In base 2, what is 110110100011 + 10011?
110110110110
In base 15, what is -11 + -2032?
-2043
In base 2, what is -110010 - -10101010101010?
10101001111000
In base 15, what is -864 - 7?
-86b
In base 16, what is 3 + 1b403?
1b406
In base 11, what is -6 + 347010?
347005
In base 10, what is 9 - -3846?
3855
In base 16, what is 0 - 73a9?
-73a9
In base 13, what is -10c0 - 5c?
-114c
In base 15, what is 1 + 2b58?
2b59
In base 14, what is -1b1b4 - 4?
-1b1b8
In base 8, what is -1 + -514?
-515
In base 3, what is -2110 - 221212?
-1001022
In base 14, what is -a1 + -74a7?
-7568
In base 10, what is -26145 + -1?
-26146
In base 5, what is -401110 + -143?
-401303
In base 3, what is -1120102 + -11120?
-1201222
In base 8, what is -1 + -62103?
-62104
In base 9, what is 26 - 224162?
-224135
In base 7, what is 2544512 - -3?
2544515
In base 16, what is 1e + f5?
113
In base 4, what is 2103020011 - 1?
2103020010
In base 8, what is 110 + -1625?
-1515
In base 13, what is 7 - 11264?
-1125a
In base 11, what is 17 - 5649?
-5632
In base 14, what is 1 + -6954?
-6953
In base 8, what is 45114 - -5?
45121
In base 12, what is 277 + -123?
154
In base 14, what is 34b - -1cd?
53a
In base 6, what is -3 + 22110?
22103
In base 12, what is 9 + 9a20?
9a29
In base 16, what is e - -7a8fc?
7a90a
In base 9, what is -230 - -416?
176
In base 8, what is 3314 - 1001?
2313
In base 15, what is 14be0 - 1?
14bde
In base 6, what is 130550 - 4?
130542
In base 6, what is -35410 + 5?
-35401
In base 14, what is 6 + -21ca?
-21c4
In base 16, what is -5 + -295f?
-2964
In base 9, what is 13273 - -5?
13278
In base 16, what is -2f + -266?
-295
In base 14, what is -17c38 - -1d?
-17c19
In base 10, what is -301 + 1245?
944
In base 9, what is 373375 + 8?
373384
In base 6, what is 140422 + -30?
140352
In base 15, what is -29c8 + 1a?
-29ad
In base 6, what is -351 + 45212?
44421
In base 16, what is -1dbd4 - -3?
-1dbd1
In base 5, what is -14022 + 20241?
1214
In base 7, what is -11 - 344250?
-344261
In base 16, what is e2 - f0?
-e
In base 9, what is -15 - -1458?
1443
In base 4, what is 212 - -1313221?
1320033
In base 11, what is -5 + 35182?
35178
In base 6, what is 20544 + 452?
21440
In base 14, what is -1aa43 - -5?
-1aa3c
In base 8, what is 257 - -55?
334
In base 10, what is 38008 + -2?
38006
In base 7, what is -456 - 132?
-621
In base 8, what is -6651 - -142?
-6507
In base 7, what is 54354 + -213?
54141
In base 8, what is 577 - 25?
552
In base 16, what is b + -1293?
-1288
In base 13, what is -5b2 - 7a3?
-1085
In base 14, what is -82c02 + 2?
-82c00
In base 4, what is 1133302 - 1012?
1132230
In base 9, what is 0 + -48413?
-48413
In base 9, what is 244 + -3485?
-3241
In base 2, what is 11111010010110 + -111?
11111010001111
In base 12, what is -221 - a0?
-301
In base 5, what is -2 - 203233304?
-203233311
In base 12, what is -747 + 12?
-735
In base 10, what is 12290 - -9?
12299
In base 6, what is 1 - -11310?
11311
In base 4, what is 3102100 - -13?
3102113
In base 10, what is -29 + 127?
98
In base 10, what is 33 - -32427?
32460
In base 9, what is 13121 - 1?
13120
In base 7, what is -335416 + -2?
-335421
In base 11, what is 24217 + 1?
24218
In base 12, what is -2894360 + -5?
-2894365
In base 3, what is -10 - -11020011121?
11020011111
In base 9, what is 32 + -3215?
-3173
In base 8, what is -547216 + 2?
-547214
In base 4, what is 1232303320 + -33?
1232303221
In base 14, what is 715 - -5?
71a
In base 8, what is -6530 - -7?
-6521
In base 16, what is a - 5706?
-56fc
In base 3, what is 10 - -2012000212002?
2012000212012
In base 8, what is -2656 + 7?
-2647
In base 2, what is 110100101111111101100 + -10?
110100101111111101010
In base 14, what is b92d - 1d?
b910
In base 12, what is -297 - -1b?
-278
In base 4, what is -32301113021 + -11?
-32301113032
In base 14, what is 5021 - -2?
5023
In base 6, what is -1450 + 13013?
11123
In base 8, what is 4 + 105540?
105544
In base 10, what is 114644 - -3?
114647
In base 7, what is -164243 + -11?
-164254
In base 2, what is 1101001000100000100 - -11?
1101001000100000111
In base 8, what is -14 - 603316?
-603332
In base 5, what is -332121 + 1133?
-330433
In base 3, what is -1012 + -2101102?
-2102121
In base 8, what is 2750 + -10330?
-5360
In base 15, what is -101 + 65?
-8b
In base 7, what is -1 + -2512?
-2513
In base 14, what is 4 - -14a0?
14a4
In base 10, what is -10 + -270583?
-270593
In base 11, what is 43302 - 8?
432a5
In base 16, what is